4?
347
In base 8, what is -14537 - 0?
-14537
In base 3, what is -1002 - 11?
-1020
In base 11, what is 2 - 38a?
-388
In base 8, what is -35 + 20?
-15
In base 4, what is -123 - 0?
-123
In base 8, what is -13 + 334?
321
In base 9, what is 1 - 7102?
-7101
In base 8, what is -3 + 73?
70
In base 13, what is -b + -2?
-10
In base 12, what is -a - 1b?
-29
In base 5, what is -1411 + -34?
-2000
In base 8, what is 1102 - -5?
1107
In base 6, what is -13122 + -2?
-13124
In base 10, what is 17305 + -1?
17304
In base 11, what is -22 - -5?
-18
In base 2, what is -110011001 - 11?
-110011100
In base 9, what is -5 + 1801?
1785
In base 2, what is -100100 + -110?
-101010
In base 9, what is 5 - -222?
227
In base 13, what is -9 + 304?
2c8
In base 7, what is -300 - 4?
-304
In base 13, what is 3 + -1a?
-17
In base 10, what is 35 - -229?
264
In base 3, what is 21 - -1010?
1101
In base 8, what is 10 - -1?
11
In base 8, what is 2 + -122?
-120
In base 6, what is 25 - 32?
-3
In base 2, what is -100 - 100100110011?
-100100110111
In base 14, what is 4 + 1?
5
In base 2, what is -10 + -11101101101?
-11101101111
In base 13, what is -7 - -8a6?
89c
In base 7, what is 106 + 30?
136
In base 11, what is -32 - 9?
-40
In base 4, what is 0 - 2121?
-2121
In base 7, what is 654 - -15?
1002
In base 6, what is -5 - -2?
-3
In base 12, what is 12 - -a?
20
In base 6, what is -52 + 2011?
1515
In base 5, what is -3 + 21?
13
In base 6, what is -24 + 301?
233
In base 8, what is -646 - -6?
-640
In base 15, what is -6 - -1b0?
1a9
In base 3, what is 10 + -11202?
-11122
In base 13, what is 0 + -9a?
-9a
In base 13, what is 32 - 2?
30
In base 11, what is 39 + 250?
289
In base 2, what is 1101 + -10100110011?
-10100100110
In base 15, what is -5 - 792?
-797
In base 4, what is -2023 - -1?
-2022
In base 14, what is -63 - -6?
-5b
In base 14, what is 2 - 4d?
-4b
In base 6, what is -102241 - -3?
-102234
In base 4, what is -331221 - 10?
-331231
In base 6, what is -23034 - 1?
-23035
In base 3, what is -11 - 2200221?
-2201002
In base 8, what is 735 + 1?
736
In base 16, what is -3 - f?
-12
In base 10, what is 299 - -1?
300
In base 9, what is -2 - -42?
40
In base 7, what is 2 + -623?
-621
In base 6, what is -4 - -143?
135
In base 7, what is 15 - 14?
1
In base 14, what is -5 + 15?
10
In base 8, what is 356 + -23?
333
In base 11, what is 19 + -35?
-17
In base 3, what is 20000102 + -11?
20000021
In base 2, what is 1000 + 10100011111?
10100100111
In base 8, what is 0 - 55?
-55
In base 10, what is 25 - -58?
83
In base 8, what is -507 - 5?
-514
In base 4, what is -10 - 32312?
-32322
In base 2, what is 100 - 11000?
-10100
In base 2, what is 111 - 10010000?
-10001001
In base 15, what is 620 - 0?
620
In base 5, what is -10041 - 0?
-10041
In base 9, what is 1 - 2318?
-2317
In base 5, what is 222331 - -2?
222333
In base 11, what is 8a8 + -1?
8a7
In base 4, what is 2032123 + -11?
2032112
In base 16, what is -1 - 82?
-83
In base 4, what is -1212222 + 3?
-1212213
In base 2, what is 10 - 10000110100101?
-10000110100011
In base 16, what is 7 + -17?
-10
In base 12, what is 1 + 17?
18
In base 7, what is 50016 - 1?
50015
In base 3, what is -11 - 220212?
-221000
In base 6, what is 1 - -2410?
2411
In base 13, what is 5 + 25cb?
2603
In base 8, what is 5 - 270?
-263
In base 3, what is 12 - 20022?
-20010
In base 6, what is 200 + -5?
151
In base 10, what is -27 - 113?
-140
In base 7, what is -21 - -660?
636
In base 13, what is -1 - -1c9?
1c8
In base 15, what is -3 - 1d?
-21
In base 16, what is 24 + -23?
1
In base 7, what is 65 + 153?
251
In base 5, what is 2 + -14201?
-14144
In base 16, what is 34 - 2?
32
In base 16, what is -4 - 623?
-627
In base 14, what is 1 - c40?
-c3d
In base 5, what is 10 - 1124?
-1114
In base 11, what is 96 + -7?
8a
In base 9, what is 0 + -2624?
-2624
In base 10, what is 76 - -75?
151
In base 13, what is -3482 - -1?
-3481
In base 8, what is 116 - -10?
126
In base 12, what is 4 + -2b?
-27
In base 7, what is -245 + -10?
-255
In base 13, what is 2 - 3c?
-3a
In base 9, what is -3 - 105?
-108
In base 4, what is -10 + 12102?
12032
In base 14, what is -3a5 - 3?
-3a8
In base 8, what is 6 - -61?
67
In base 6, what is -214 - -5?
-205
In base 16, what is b20 + -4?
b1c
In base 5, what is -4040 + 4?
-4031
In base 7, what is -102 + -4?
-106
In base 10, what is -5 - -1423?
1418
In base 13, what is -1c6 + -5?
-1cb
In base 10, what is -3 + 29?
26
In base 12, what is 55 - -2?
57
In base 12, what is 3 - -2444?
2447
In base 16, what is -18 - 7?
-1f
In base 6, what is -5 + -55?
-104
In base 4, what is -12 - 32?
-110
In base 3, what is -11 - 1100?
-1111
In base 3, what is -1110221 + 1?
-1110220
In base 16, what is -4 - -1c2?
1be
In base 13, what is 131 - 0?
131
In base 8, what is -3 + -110?
-113
In base 6, what is 1324 - 1?
1323
In base 7, what is 261 + -50?
211
In base 5, what is 2 - -20330?
20332
In base 6, what is -144 + 0?
-144
In base 11, what is -2 + 53?
51
In base 14, what is -5 - 82?
-87
In base 7, what is 2 - 335?
-333
In base 7, what is 3 - 535?
-532
In base 12, what is 3 + 28?
2b
In base 2, what is -1010 - -10110?
1100
In base 4, what is -211 + 312?
101
In base 5, what is -1002 + 3?
-444
In base 4, what is -22 + -2100?
-2122
In base 7, what is -36 + -4?
-43
In base 13, what is 1764 - -5?
1769
In base 7, what is -1 + -665?
-666
In base 14, what is -c + 2c?
20
In base 13, what is 3 + -46a?
-467
In base 12, what is -22 - -215?
1b3
In base 9, what is -63 + 231?
157
In base 5, what is -122 - 201?
-323
In base 4, what is 11 - 123?
-112
In base 12, what is -2 + 66?
64
In base 6, what is 524 + -5?
515
In base 10, what is 0 - -541?
541
In base 13, what is 38 + -6?
32
In base 8, what is 2 - 624?
-622
In base 13, what is 44 + -1?
43
In base 9, what is 27 + -64?
-36
In base 2, what is 100111 + -110?
100001
In base 11, what is 1 - 52?
-51
In base 14, what is 154 - -2?
156
In base 8, what is -101 + 106?
5
In base 14, what is -5a7 + 2?
-5a5
In base 15, what is -81 + -4?
-85
In base 12, what is 17 + 4?
1b
In base 16, what is -26 - f?
-35
In base 6, what is -4 + 1001?
553
In base 15, what is -141 + 5?
-13b
In base 4, what is 22301 + -10?
22231
In base 3, what is -1101 + 102011?
100210
In base 15, what is 3 - -2e?
32
In base 10, what is 1336 + 3?
1339
In base 3, what is -2112 + 11?
-2101
In base 5, what is -200 + -3?
-203
In base 3, what is 1 - 1120000?
-1112222
In base 4, what is -2231 + -10?
-2301
In base 3, what is -2 - 12121?
-12200
In base 12, what is -50 + 5?
-47
In base 4, what is 10211 - 13?
10132
In base 15, what is -5 + -136d?
-1373
In base 3, what is 12211 + -211?
12000
In base 9, what is 68 + 2?
71
In base 16, what is 0 - -28d?
28d
In base 3, what is 101021 + 2?
101100
In base 10, what is 2 + 1021?
1023
In base 14, what is -22 + -1?
-23
In base 15, what is -4e4 + 8?
-4db
In base 13, what is 4 + -49?
-45
In base 8, what is 13 - -3160?
3173
In base 4, what is -10 + -2312?
-2322
In base 15, what is 4 + -7e?
-7a
In base 14, what is -bbd + -2?
-bc1
In base 7, what is -10043 - 0?
-10043
In base 6, what is 1243 - -34?
1321
In base 5, what is 204 + -10?
144
In base 2, what is -1001 - -11001100?
11000011
In base 2, what is -111 - -1000101100?
1000100101
In base 9, what is 22 + 2?
24
In base 6, what is -315 - 15?
-334
In base 4, what is 23 - -1122?
1211
In base 10, what is -3 + 60?
57
In base 10, what is -3 - -34?
31
In base 11, what is 4 - -4?
8
In base 15, what is 4a88 - -5?
4a8d
In base 2, what is -110000 + 11?
-101101
In base 5, what is 2 - 314?
-312
In base 14, what is -5 - 68?
-6d
In base 2, what is 101001 + -1000?
100001
In base 4, what is -23 + 122?
33
In base 7, what is 55 + 10?
65
In base 7, what is -362 + -1?
-363
In base 11, what is -3 - -549?
546
In base 6, what is 32154 - -5?
32203
In base 12, what is a6 - -4?
aa
In base 13, what is 1226 - -2?
1228
In base 16, what is -10f8 + 4?
-10f4
In base 2, what is -101 + 1001001?
1000100
In base 6, what is 44143 + 3?
44150
In base 7, what is 5665 - -3?
6001
In base 5, what is -11 - 20113?
-20124
In base 14, what is -5 + 22?
1b
In base 9, what is 317 + -45?
262
In base 16, what is 76f - 5?
76a
In base 13, what is 5 + 705?
70a
In base 2, what is 100 - 100010100?
-100010000
In base 2, what is -10100000001 + 100?
-10011111101
In base 2, what is -100 + -11110011?
-11110111
In base 6, what i